ed by 21.
16
Calculate the remainder when 164 is divided by (-35772)/(-616)*2*1 + 4/(-28).
48
Suppose 2*q - 2 = 0, q = -24*s + 25*s - 55. What is the remainder when (-1793)/(-9) + s/(-252) is divided by 29?
25
What is the remainder when 153 is divided by 144/(-27)*279/(-31)?
9
Let g(q) = 44*q**2 + 2*q + 1. Calculate the remainder when g(-2) is divided by (216/20 - 0) + (665/(-19))/(-175).
8
Let g be -2*3 - (-4)/(44/4147). Let x = 383 - g. Calculate the remainder when 443 is divided by x.
11
Let a = -170 + 238. Let p = 104 - a. Calculate the remainder when 248 is divided by p.
32
Suppose -15261 = -91*u - 25*u + 10723. What is the remainder when u is divided by 97?
30
Let y(z) = -15*z + 1310. Calculate the remainder when y(44) is divided by 23.
6
Suppose -4*i - 81 = -237. What is the remainder when 83 is divided by i?
5
Suppose -146 = -30*q + 10114. Let c = q - 269. What is the remainder when 435 is divided by c?
70
Let b(x) = 25*x + 7. Let r be b(6). Let g = -66 + r. Suppose -109*v = -424*v + 9765. Calculate the remainder when g is divided by v.
29
Suppose 0 = 5*j + 25, -15081 = 2*d - 5*d + 3*j. Calculate the remainder when d is divided by 32.
30
What is the remainder when 11365 is divided by ((-33)/44)/((-9)/(-48)) + 60?
53
Suppose -19*z = -40 - 36. Suppose 142 = -5*b - 4*o + 693, -z*b + 4*o + 412 = 0. Calculate the remainder when b is divided by 28.
23
Suppose 6 + 13 = j. Let c(n) = -n**2 + 24*n + 695. What is the remainder when c(-16) is divided by j?
17
Suppose 4*g + 2*r - 176 = 0, -5*g - 3*r + 166 = -57. Let q(z) = -66*z - 1. What is the remainder when q(-1) is divided by g?
24
Suppose -4*n - 796 = 464. What is the remainder when 107 is divided by (-22)/18 - -1 - 5740/n?
17
Let x(j) = -31*j. What is the remainder when ((-1389)/114)/(91/(-546)) - 8/76 is divided by x(-1)?
11
Let l = 4238 - 4185. Calculate the remainder when 739 is divided by l.
50
Let g be 78/14 + 68/(-119). Let b be (84/30)/7 - (-43)/5. Suppose 3*z = -h + 29, 0 = 2*z - g*z + 3*h + b. Calculate the remainder when z is divided by 6.
2
Let x(l) = -l**3 + l**2 + 11*l - 4. Let k be x(-6). Let m = -178 + k. Calculate the remainder when 20 is divided by m.
0
Let x = 36 - 30. Let d(c) = c - 6. Let g be d(x). Suppose g = 2*l - 0*l - 60. What is the remainder when l is divided by 11?
8
Let j be 2648/(-6) - (-10)/(-6). Let a = -436 - j. Calculate the remainder when 45 is divided by a.
3
Let c be -113 + (-8)/(8/3). Let b = 168 + c. Let h = 17 + 2. What is the remainder when b is divided by h?
14
Calculate the remainder when 314270/440 + (-3)/(-4) is divided by 8.
3
Let s(m) = 17*m + 469. Calculate the remainder when s(10) is divided by 318.
3
Suppose 2*j = -0*j + 186. Suppose 0*g = 4*h + 2*g + 16, h = -g - 3. Calculate the remainder when j is divided by (-166)/(-5) + 6/h.
29
Suppose 4*b + 5 - 45 = 0. Suppose -3*u = c - 47, -4*c + 21 = -4*u + 89. Calculate the remainder when u is divided by b.
6
Calculate the remainder when 484 is divided by 10 + (77 - -6) - 13.
4
Let g(t) = -62*t - 507. Let w = -23 - -57. What is the remainder when g(-12) is divided by w?
33
Let c be (-6)/(-4) + (-25)/(-10). Let a(u) = 2*u**2 - 5. Let x(k) = -k**2 + 33*k + 1609. Calculate the remainder when x(-25) is divided by a(c).
24
Suppose -m - 11 + 30 = 5*t, 116 = 5*m + 4*t. Let q = 4603 - 4417. Calculate the remainder when q is divided by m.
18
Let f = -21 + -1. Let n = -19 - f. Suppose -2*c - 3 + 1 = 0, -5*y - n*c = -77. Calculate the remainder when y is divided by 11.
5
Let u = -1 + 3. Suppose 3*g + 0 = -3, 0 = 2*i + g - 5. Suppose -u + 10 = 2*c, 2*d = i*c + 4. Calculate the remainder when 13 is divided by d.
5
Let j = 1352 + 211. Suppose -4*a = -1635 + j. Let z = 88 + -1. What is the remainder when z is divided by a?
15
Suppose -21*s - 960 = -23*s - 4*x, -4*x + 480 = s. What is the remainder when s is divided by 9?
3
What is the remainder when (87/435*(25 - 0))/(1/53) is divided by 132?
1
What is the remainder when 54 is divided by 57/2 + ((-45)/(-18))/5?
25
What is the remainder when 1484 is divided by (495/(-36))/(10/(-8))?
10
Let h(y) = 57*y - 43. Let x(g) = 28*g - 21. Let w(d) = 6*h(d) - 13*x(d). Let v be w(2). Let n = -16 - v. Calculate the remainder when 34 is divided by n.
8
Suppose 0*b + 4*b - 298 = -2*t, 4*t - 4*b - 644 = 0. Let x be (-5 - (-5 + 4))*-352. Suppose -x = -37*l - 224. What is the remainder when t is divided by l?
29
Let r be 5 + -5 - 5 - -137. Suppose 2*z - r = 2*s, -3*s = 4*z + 2*s - 309. What is the remainder when z is divided by 24?
23
Let z = 4234 - 4162. Calculate the remainder when z is divided by 65.
7
Let m(n) = 2*n**2 + 21*n - 9. Let d be m(-11). Suppose 107 = 2*f - 133. Suppose -12*b + d*b = -f. What is the remainder when 95 is divided by b?
11
Let f = -226 + 235. Let m(r) = 4*r**3 - 2*r**2 - r - 2. What is the remainder when -5 - (-64 + (-3)/f*-15) is divided by m(2)?
14
Let s(j) = 2*j**2 + 2*j - 13. Let f be (0 + (-24)/18)*3. Let q be s(f). Suppose -4*y + q + 53 = 0. Calculate the remainder when 29 is divided by y.
13
Let m be (-2 - 0 - -6) + 1*3. Suppose -m*c = 4*t - 3*c + 16, -t = 2*c + 6. What is the remainder when 7 is divided by (-4 - -5)*2 - 2 - t?
1
Let r(u) = 2*u + 35. Let l be r(-16). Suppose 2*j + l*j - 10 = 0. Calculate the remainder when (-1 + -4)/(2/(-4)) is divided by j.
0
Suppose -4*h = 5*r - 113, 3*h + 128 = 5*r + 2*h. Suppose 2*n - 30 - 14 = 0. What is the remainder when (-2337)/(-33) - (-4)/n is divided by r?
21
Let t = 212 - 144. Suppose -3*z = -2*m - 37, 2*z - 147 = 2*m - 119. Calculate the remainder when t is divided by z.
5
Let u(q) = -q**3 + 14*q**2 - 16*q + 41. Let v be u(13). Suppose 2*h - 101 = -5*a, -v*a + 3*a - 3*h - 10 = 0. What is the remainder when 73 is divided by a?
16
Let i be ((-26)/39)/(4/(-18)). Suppose 2*v - 64 = -0*v + i*b, v - 2*b = 34. Let j(g) = -4*g - 3. What is the remainder when v is divided by j(-3)?
8
Let b = -12477 - -13093. Calculate the remainder when b is divided by 204.
4
Suppose 62*m - 63*m + 31*m - 990 = 0. Suppose 2*c = -2*v - 2, -v + 3*c = -5*v. What is the remainder when m is divided by (v - 16)*-1 + -1?
9
Let k(s) = -5*s**2 - 119*s + 123. Calculate the remainder when k(-24) is divided by 24.
3
Let n(b) = b**3 + 21*b**2 + 66*b + 6. Let i(g) be the second derivative of -g**3/2 + g**2/2 + 3*g. What is the remainder when n(-17) is divided by i(-2)?
5
Let c(q) = 137*q + 420. Let k be c(-3). Let f be (-10)/(((-1)/1)/28). Suppose 5*u = k*u - f. Calculate the remainder when u is divided by 24.
22
Suppose -260 = -4*v - 3*w - w, -68 = -v + 2*w. Suppose 5*i = -14*h + 16*h + 139, -193 = -7*i + 2*h. What is the remainder when v is divided by i?
12
Let g(x) = 2*x**2 + 0*x**3 - 9 - 4*x**2 - x**3 - 1 - 1 + 4*x. Calculate the remainder when g(-5) is divided by 5.
4
Let n = 52 - 47. Suppose -3*k + 77 = -2*k - n*o, -4*k + 392 = o. Suppose q - 7 - k = 0. Calculate the remainder when q is divided by 15.
14
Let k be ((-5)/(-5) - 2)*-1*2. Suppose 2*c + 2*n = 0, -k*c + 9 = -n - 0. What is the remainder when 11 is divided by c?
2
Suppose 3*w + 229 = x, -5*x - 2*w + 2165 - 1003 = 0. Calculate the remainder when 1160 is divided by x.
0
Let o = -360 - -1233. Let h = o - 867. Calculate the remainder when 191 is divided by h.
5
What is the remainder when 511 is divided by 710/(-213)*(-174)/10?
47
Suppose 487*k + 680 = 483*k. Calculate the remainder when 20 is divided by (-128)/(-320)*k/(-4).
3
Suppose 0 = -5*s + 5 + 20. Suppose 4*f = s*v + 393, 0 = -3*f - 4*v + 288 - 1. Calculate the remainder when f is divided by 11.
9
Suppose -29*a = -26*a - 6. Let j = 74 + a. Let k = -2 - -23. What is the remainder when j is divided by k?
13
Suppose -3*f + 174 = -3*k, 0 = -k + 4*f - 46. What is the remainder when 40 is divided by 28/6 + -4 + k/(-6)?
7
Suppose 5*t + d + 155 = 6*d, -4*d = 2*t + 56. Calculate the remainder when 9 is divided by (9/(-6))/(9/t).
4
Let x = -115 + 141. What is the remainder when 605/35 - x/91 is divided by 1?
0
Let v be 150/(6 + -1) - 1. Suppose -8*x - v = -5. What is the remainder when 47 is divided by 6*4/x*(-9)/3?
23
Let f = 48 + -43. Suppose -2*h + 704 = 4*n, -865 = -0*n - 5*n + f*h. Let l = n + -102. Calculate the remainder when l is divided by 19.
16
Calculate the remainder when 181 is divided by ((-152)/(-20)*-1)/(10/(-125)